the prime factors of 6892484?
2, 223, 7727
List the prime factors of 118486.
2, 59243
List the prime factors of 8981149.
67, 134047
What are the prime factors of 43161?
3, 14387
What are the prime factors of 1497065?
5, 227, 1319
List the prime factors of 1258618.
2, 41, 15349
What are the prime factors of 1445563?
7, 29, 7121
What are the prime factors of 849922?
2, 424961
List the prime factors of 36849.
3, 71, 173
What are the prime factors of 3278668?
2, 131, 6257
What are the prime factors of 17844308?
2, 1801, 2477
What are the prime factors of 8197096?
2, 193, 5309
What are the prime factors of 394891?
7, 8059
What are the prime factors of 29052796?
2, 17, 427247
List the prime factors of 2570032.
2, 160627
List the prime factors of 148826.
2, 74413
List the prime factors of 5579338.
2, 2789669
What are the prime factors of 30842530?
2, 5, 787, 3919
What are the prime factors of 930276?
2, 3, 25841
List the prime factors of 2398603.
2398603
List the prime factors of 2127468.
2, 3, 7, 19, 31, 43
What are the prime factors of 4057097?
11, 53, 6959
What are the prime factors of 1994861?
11, 151, 1201
List the prime factors of 2001473.
547, 3659
List the prime factors of 5844971.
11, 101, 5261
List the prime factors of 4856032.
2, 263, 577
What are the prime factors of 177285?
3, 5, 53, 223
What are the prime factors of 275224?
2, 34403
List the prime factors of 178545.
3, 5, 11903
What are the prime factors of 2934320?
2, 5, 43, 853
List the prime factors of 475262.
2, 237631
What are the prime factors of 147774?
2, 3, 11, 2239
List the prime factors of 828697.
828697
What are the prime factors of 1231944?
2, 3, 7, 7333
What are the prime factors of 6153481?
29, 67, 3167
What are the prime factors of 4556136?
2, 3, 13, 17, 859
List the prime factors of 2191881.
3, 109, 6703
List the prime factors of 904863.
3, 89, 3389
What are the prime factors of 692101?
257, 2693
List the prime factors of 468113.
468113
What are the prime factors of 212920?
2, 5, 5323
What are the prime factors of 625575?
3, 5, 19, 439
What are the prime factors of 444285?
3, 5, 1097
List the prime factors of 111038.
2, 59, 941
What are the prime factors of 210450?
2, 3, 5, 23, 61
What are the prime factors of 29499274?
2, 7, 301013
List the prime factors of 15352413.
3, 5117471
List the prime factors of 356162.
2, 37, 4813
What are the prime factors of 1873155?
3, 5, 151, 827
List the prime factors of 2635325.
5, 7, 11, 37
What are the prime factors of 8106640?
2, 5, 101333
List the prime factors of 45005.
5, 9001
List the prime factors of 2971685.
5, 17, 34961
List the prime factors of 5525380.
2, 5, 7, 61, 647
List the prime factors of 351752.
2, 43969
List the prime factors of 47745.
3, 5, 1061
What are the prime factors of 193323?
3, 13, 4957
List the prime factors of 22778.
2, 7, 1627
What are the prime factors of 853107?
3, 284369
What are the prime factors of 788093?
788093
What are the prime factors of 345692?
2, 86423
What are the prime factors of 2629828?
2, 19, 34603
What are the prime factors of 9065509?
83, 239, 457
List the prime factors of 455482.
2, 53, 4297
List the prime factors of 18405097.
18405097
What are the prime factors of 18959237?
11, 59, 131, 223
List the prime factors of 795083.
795083
What are the prime factors of 92134?
2, 7, 6581
List the prime factors of 389149.
389149
What are the prime factors of 164717?
7, 23531
What are the prime factors of 12223634?
2, 1229, 4973
List the prime factors of 20620774.
2, 449, 22963
What are the prime factors of 201773?
11, 13, 17, 83
What are the prime factors of 177996?
2, 3, 7, 13, 163
List the prime factors of 25903.
25903
List the prime factors of 1488924.
2, 3, 59, 701
List the prime factors of 1435844.
2, 23, 15607
What are the prime factors of 7907850?
2, 3, 5, 17573
List the prime factors of 3853396.
2, 963349
List the prime factors of 174365.
5, 43, 811
List the prime factors of 509058.
2, 3, 11, 857
What are the prime factors of 5517601?
479, 11519
What are the prime factors of 46422?
2, 3, 2579
List the prime factors of 789601.
31, 25471
What are the prime factors of 6983095?
5, 7, 127, 1571
What are the prime factors of 3161042?
2, 1580521
List the prime factors of 2036722.
2, 103, 9887
List the prime factors of 1525981.
23, 66347
What are the prime factors of 9751907?
11, 886537
List the prime factors of 1517907.
3, 505969
What are the prime factors of 87625?
5, 701
List the prime factors of 3997693.
7, 571099
List the prime factors of 3156458.
2, 17, 43, 127
What are the prime factors of 3291002?
2, 11, 13, 37, 311
List the prime factors of 6368642.
2, 7, 17, 26759
List the prime factors of 5326182.
2, 3, 53, 1861
What are the prime factors of 9752340?
2, 3, 5, 13, 12503
List the prime factors of 215066.
2, 191, 563
List the prime factors of 248568.
2, 3, 10357
What are the prime factors of 135979?
135979
List the prime factors of 608971.
11, 23, 29, 83
What are the prime factors of 2094346?
2, 1047173
What are the prime factors of 870252?
2, 3, 47, 1543
What are the prime factors of 1726120?
2, 5, 11, 3923
List the prime factors of 1827810.
2, 3, 5, 23, 883
What are the prime factors of 7900086?
2, 3, 19, 23, 131
List the prime factors of 4538839.
101, 44939
What are the prime factors of 25312618?
2, 12656309
List the prime factors of 717994.
2, 97, 3701
List the prime factors of 187085.
5, 17, 31, 71
What are the prime factors of 123886?
2, 7, 8849
List the prime factors of 615304.
2, 76913
What are the prime factors of 244737?
3, 71, 383
List the prime factors of 33863522.
2, 7, 11, 59, 3727
List the prime factors of 8145796.
2, 2036449
List the prime factors of 1549339.
11, 61, 2309
What are the prime factors of 935026?
2, 53, 8821
List the prime factors of 27855642.
2, 3, 4642607
List the prime factors of 1587418.
2, 7, 71, 1597
List the prime factors of 99111.
3, 33037
What are the prime factors of 1706764?
2, 426691
List the prime factors of 8827251.
3, 1607, 1831
What are the prime factors of 145525?
5, 5821
What are the prime factors of 3908873?
23, 169951
List the prime factors of 1511228.
2, 37, 10211
List the prime factors of 1955348.
2, 163, 2999
List the prime factors of 2200049.
2200049
List the prime factors of 185120.
2, 5, 13, 89
List the prime factors of 185342.
2, 92671
What are the prime factors of 21886951?
307, 71293
What are the prime factors of 202646?
2, 101323
What are the prime factors of 2846483?
101, 28183
What are the prime factors of 199849?
13, 15373
List the prime factors of 402286.
2, 71, 2833
What are the prime factors of 106146?
2, 3, 5897
List the prime factors of 10031013.
3, 23, 29, 557
List the prime factors of 561924.
2, 3, 11, 43
List the prime factors of 548804.
2, 137201
List the prime factors of 5137145.
5, 13, 17, 4649
What are the prime factors of 749877?
3, 43, 5813
What are the prime factors of 1242716?
2, 67, 4637
List the prime factors of 15356791.
73, 211, 997
What are the prime factors of 2465544?
2, 3, 17, 6043
What are the prime factors of 2941101?
3, 139, 2351
What are the prime factors of 2955069?
3, 13, 8419
List the prime factors of 2177011.
2177011
What are the prime factors of 585957?
3, 195319
What are the prime factors of 702786?
2, 3, 7, 29, 577
What are the prime factors of 600014?
2, 300007
What are the prime factors of 321014?
2, 160507
List the prime factors of 448903.
7, 13, 4933
What are the prime factors of 2414037?
3, 73, 151
List the prime factors of 4239236.
2, 41, 25849
List the prime factors of 138874.
2, 23, 3019
What are the prime factors of 1861340?
2, 5, 13, 7159
What are the prime factors of 870656?
2, 19, 179
List the prime factors of 18975.
3, 5, 11, 23
List the prime factors of 350287.
7, 163, 307
List the prime factors of 123238.
2, 43, 1433
List the prime factors of 1521058.
2, 7, 11, 17, 83
List the prime factors of 3992430.
2, 3, 5, 13, 29, 353
What are the prime factors of 18990810?
2, 3, 5, 79, 2671
What are the prime factors of 57659?
7, 8237
What are the prime factors of 2139505?
5, 263, 1627
What are the prime factors of 11022033?
3, 11, 19, 17579
List the prime factors of 417761.
113, 3697
What are the prime factors of 785937?
3, 53, 4943
List the prime factors of 7485666.
2, 3, 1247611
Wh